 1200602?
122
Calculate the greatest common divisor of 180 and 96.
12
Calculate the highest common divisor of 254391 and 114.
57
What is the highest common factor of 30 and 6288285?
15
What is the greatest common factor of 11536 and 736?
16
What is the greatest common divisor of 1176 and 247548?
588
Calculate the highest common divisor of 17745 and 1053.
39
Calculate the highest common factor of 18467 and 118.
59
Calculate the greatest common divisor of 1079 and 14359.
83
Calculate the highest common divisor of 10784 and 1256.
8
What is the highest common factor of 462349 and 119?
17
Calculate the greatest common factor of 1225 and 7595.
245
What is the greatest common factor of 666068 and 676?
52
What is the greatest common factor of 200 and 732300?
100
Calculate the highest common divisor of 3998047 and 233.
233
What is the greatest common divisor of 372 and 204?
12
What is the highest common divisor of 11 and 5673459?
11
Calculate the highest common factor of 321 and 984507.
321
What is the greatest common factor of 108363 and 3524?
881
Calculate the highest common divisor of 244863 and 9.
9
Calculate the greatest common factor of 69 and 7452.
69
What is the greatest common divisor of 26222 and 7?
7
Calculate the greatest common divisor of 49691 and 71179.
1343
Calculate the highest common factor of 165 and 938775.
15
Calculate the highest common divisor of 6041 and 56.
7
Calculate the highest common factor of 516 and 2623.
43
Calculate the greatest common divisor of 14255 and 20.
5
What is the highest common divisor of 199693 and 39?
13
What is the greatest common factor of 212744 and 3712?
232
Calculate the greatest common divisor of 108 and 33678.
18
Calculate the greatest common factor of 192 and 642.
6
Calculate the highest common divisor of 16029 and 11349.
117
What is the greatest common factor of 22 and 1760803?
11
Calculate the highest common factor of 1710 and 856890.
90
Calculate the highest common divisor of 112582 and 6842.
622
Calculate the highest common divisor of 130 and 10504.
26
Calculate the greatest common divisor of 2 and 567922.
2
Calculate the greatest common divisor of 377 and 1856.
29
Calculate the highest common factor of 5780 and 58820.
340
Calculate the highest common divisor of 105800 and 600.
200
What is the greatest common divisor of 853 and 1123401?
853
What is the highest common divisor of 135 and 27243?
27
Calculate the highest common factor of 6 and 200424.
6
Calculate the highest common factor of 1226496 and 6912.
768
What is the greatest common divisor of 62524 and 396?
44
Calculate the greatest common divisor of 13716 and 9936.
108
Calculate the highest common divisor of 2740 and 115.
5
Calculate the highest common factor of 3075 and 35957.
41
Calculate the highest common divisor of 2468979 and 369.
369
Calculate the greatest common factor of 336 and 1344.
336
What is the greatest common factor of 377 and 420134?
13
What is the highest common factor of 860 and 38915?
215
What is the highest common factor of 431132 and 156?
52
Calculate the greatest common factor of 6802 and 3043.
179
What is the greatest common factor of 3568 and 1840?
16
Calculate the highest common factor of 1404 and 182754.
234
Calculate the highest common factor of 3990 and 4305.
105
What is the greatest common factor of 343292 and 380?
76
Calculate the highest common divisor of 352 and 1179376.
176
Calculate the highest common divisor of 3168 and 2496.
96
Calculate the greatest common factor of 14 and 6504540.
14
Calculate the highest common factor of 54678 and 117.
39
Calculate the highest common factor of 628 and 328444.
628
Calculate the highest common factor of 400 and 51050.
50
Calculate the greatest common factor of 1104 and 3432.
24
Calculate the highest common divisor of 11175 and 675.
75
What is the greatest common factor of 55005 and 2850?
285
Calculate the greatest common factor of 239943 and 1452.
363
Calculate the highest common divisor of 160761 and 492.
123
Calculate the highest common factor of 540825 and 1200.
75
What is the highest common divisor of 27 and 3519?
9
Calculate the greatest common divisor of 4453 and 803.
73
Calculate the greatest common factor of 1300575 and 25.
25
Calculate the greatest common divisor of 104 and 14249196.
52
What is the greatest common divisor of 611 and 7293?
13
Calculate the highest common divisor of 29400 and 11900.
700
What is the highest common factor of 256 and 96128?
128
What is the highest common factor of 1020 and 82620?
1020
What is the greatest common factor of 2337018 and 1052?
526
What is the greatest common divisor of 2466 and 297838?
274
Calculate the highest common factor of 27690 and 47385.
195
What is the greatest common divisor of 940 and 9964?
188
What is the highest common factor of 9149 and 119?
7
Calculate the highest common factor of 13328 and 357.
119
What is the greatest common divisor of 235882 and 1298?
118
What is the highest common factor of 11600 and 405275?
725
What is the greatest common divisor of 192 and 9090?
6
What is the highest common divisor of 8882 and 3?
1
What is the highest common factor of 23 and 23759?
23
Calculate the highest common divisor of 47656 and 276.
92
What is the highest common factor of 121395 and 225?
15
Calculate the highest common factor of 215 and 807196.
43
Calculate the greatest common divisor of 2136 and 21.
3
What is the highest common factor of 1062 and 1829?
59
What is the greatest common factor of 2680 and 33165?
335
Calculate the greatest common divisor of 582799 and 21.
7
What is the highest common divisor of 660 and 6261420?
660
What is the greatest common divisor of 28 and 4008956?
28
What is the greatest common factor of 186 and 6386?
62
What is the highest common divisor of 1740 and 10290?
30
Calculate the highest common divisor of 164766 and 42.
42
What is the highest common factor of 78340 and 5?
5
What is the greatest common divisor of 9423673 and 553?
553
Calculate the greatest common factor of 5935073 and 2042.
1021
Calculate the greatest common divisor of 45144 and 176.
88
What is the highest common factor of 72 and 8240?
8
Calculate the highest common factor of 5440 and 442.
34
Calculate the highest common factor of 660 and 22495.
55
What is the highest common divisor of 90 and 404895?
15
What is the highest common factor of 579 and 276?
3
What is the greatest common divisor of 3708 and 1278?
18
Calculate the highest common factor of 366 and 946293.
183
What is the highest common divisor of 154 and 275198?
154
What is the highest common divisor of 7012 and 8?
4
Calculate the greatest common factor of 23 and 643.
1
Calculate the greatest common factor of 416 and 104208.
208
What is the highest common divisor of 48 and 32520?
24
Calculate the highest common divisor of 1442 and 4130.
14
What is the highest common factor of 24 and 25176?
24
Calculate the greatest common divisor of 724 and 143.
1
Calculate the highest common factor of 5330 and 252970.
410
Calculate the greatest common divisor of 70 and 330274.
14
Calculate the greatest common factor of 289746 and 90.
18
What is the greatest common factor of 509618 and 114?
38
Calculate the greatest common divisor of 9048 and 472.
8
Calculate the greatest common factor of 2944 and 202752.
128
Calculate the highest common divisor of 721 and 593898.
103
Calculate the greatest common divisor of 3626243 and 802.
401
Calculate the highest common divisor of 7009 and 645.
43
What is the greatest common divisor of 478 and 69071?
239
Calculate the highest common divisor of 356 and 19847.
89
What is the greatest common divisor of 29986 and 29?
29
What is the highest common divisor of 702 and 7982?
26
Calculate the highest common factor of 145 and 6570965.
145
Calculate the greatest common factor of 1691 and 2698.
19
Calculate the highest common factor of 173013 and 46251.
1713
What is the greatest common divisor of 4228 and 628009?
151
What is the highest common factor of 253435 and 15015?
455
Calculate the highest common divisor of 84170 and 228.
38
What is the greatest common divisor of 1442910 and 210?
210
Calculate the greatest common divisor of 20592 and 16.
16
Calculate the greatest common divisor of 195 and 35165.
65
What is the greatest common divisor of